{"id":597,"date":"2016-11-01T13:09:53","date_gmt":"2016-11-01T13:09:53","guid":{"rendered":"http:\/\/cristobalpenalva.com\/ca\/?page_id=597"},"modified":"2023-05-09T13:58:34","modified_gmt":"2023-05-09T13:58:34","slug":"presentacion","status":"publish","type":"page","link":"https:\/\/cristobalpenalva.com\/ca\/presentacion\/","title":{"rendered":"PRESENTACI\u00d3"},"content":{"rendered":"<p>[vc_row][vc_column][vc_separator color=&#8221;white&#8221;][\/vc_column][\/vc_row][vc_row full_width=&#8221;stretch_row_content&#8221; gap=&#8221;5&#8243; content_placement=&#8221;middle&#8221; parallax=&#8221;content-moving&#8221; parallax_image=&#8221;591&#8243; css=&#8221;.vc_custom_1501665295034{background-position: center;background-repeat: no-repeat !important;background-size: cover !important;}&#8221; el_class=&#8221;portadapantalla&#8221;][vc_column][\/vc_column][\/vc_row][vc_row][vc_column][vc_separator color=&#8221;white&#8221;][\/vc_column][\/vc_row][vc_row][vc_column width=&#8221;1\/2&#8243;][vc_column_text]El nostre depatx d&#8217;aquitectura pret\u00e9n donar una resposta global al fet constructiu de tal manera que es converteix en una empresa global de serveis.[\/vc_column_text][\/vc_column][vc_column width=&#8221;1\/2&#8243;][vc_column_text]Des d&#8217;aquest enfoc flexible, som capa\u00e7os de donar resposta a un ampli ventall de clients, des d&#8217;una petita reforma, fins una gran promoci\u00f3; controlem totes les fases del proc\u00e9s.[\/vc_column_text][\/vc_column][\/vc_row][vc_row][vc_column][vc_separator color=&#8221;white&#8221;][\/vc_column][\/vc_row][vc_row][vc_column][vc_toggle title=&#8221;Crist\u00f3bal Penalva Moreno&#8221; open=&#8221;true&#8221; el_id=&#8221;1501664294598-827426b5-dbae&#8221;]Arquitecte llicenciat a l&#8217;ETSAB (Escola Superior d&#8217;Arquitectura de Barcelona) des de 1998 ofereix els seus serveis en el seu estudi propi. Especialitzat en el projecte tant d&#8217;habitatge unifamiliar (nova o rehabilitaci\u00f3) com plurifamiliar, abastant tot el proc\u00e9s creatiu, des de les primeres idees, esbossos, c\u00e0lculs estructurals i d&#8217;efici\u00e8ncia energ\u00e8tica fins a l&#8217;estudi final de detall.[\/vc_toggle][\/vc_column][\/vc_row][vc_row][vc_column][vc_toggle title=&#8221;Pilar Pantale\u00f3n Matarredona&#8221; open=&#8221;true&#8221; el_id=&#8221;1501664406503-f3ef430e-a196&#8243;]Especialitzada en gesti\u00f3 i administraci\u00f3 d&#8217;empreses aix\u00ed com en manteniment de sistemes de qualitat ISO 9001 i 14001. S&#8217;incorpora a l&#8217;estudi d&#8217;arquitectura l&#8217;any 2005 i s&#8217;especialitza en la intermediaci\u00f3 entre les administracions i el client per facilitar el proc\u00e9s constructiu.[\/vc_toggle][\/vc_column][\/vc_row][vc_row][vc_column][vc_toggle title=&#8221;Crist\u00f3bal Penalva Pantale\u00f3n&#8221; open=&#8221;true&#8221; el_id=&#8221;1501830389859-a87025a6-b703&#8243;]Graduat en el Grau d&#8217;Administraci\u00f3 i Direcci\u00f3 d&#8217;Empreses per la UAB (Universitat Aut\u00f2noma de Barcelona) el 2021. S&#8217;incorpora al despatx el 2017 per donar suport a la gesti\u00f3 i administraci\u00f3 amb els clients i l&#8217;Administraci\u00f3 P\u00fablica i comptabilitat interna. A m\u00e9s, s&#8217;encarrega de l&#8217;actualitzaci\u00f3 de la nostra p\u00e0gina web, aix\u00ed com les diferents xarxes socials en qu\u00e8 estem presents.[\/vc_toggle][\/vc_column][\/vc_row][vc_row][vc_column][vc_toggle title=&#8221;Equip interdisciplinari&#8221; open=&#8221;true&#8221; el_id=&#8221;1501830389859-a87025a6-b703&#8243;]Hem elaborat un equip de col\u00b7laboradors, entre ells, enginyers, arquitectes t\u00e8cnics, ge\u00f2legs, constructors, top\u00f2grafs, economistes i advocats, per donar resposta a tots els \u00e0mbits que sorgeixen en el proc\u00e9s constructiu i legal.[\/vc_toggle][\/vc_column][\/vc_row][vc_row][vc_column][vc_separator color=&#8221;white&#8221;][\/vc_column][\/vc_row]<\/p>\n","protected":false},"excerpt":{"rendered":"<p>[vc_row][vc_column][vc_separator color=&#8221;white&#8221;][\/vc_column][\/vc_row][vc_row full_width=&#8221;stretch_row_content&#8221; gap=&#8221;5&#8243; content_placement=&#8221;middle&#8221; parallax=&#8221;content-moving&#8221; parallax_image=&#8221;591&#8243; css=&#8221;.vc_custom_1501665295034{background-position: center;background-repeat: no-repeat !important;background-size: cover !important;}&#8221; el_class=&#8221;portadapantalla&#8221;][vc_column][\/vc_column][\/vc_row][vc_row][vc_column][vc_separator color=&#8221;white&#8221;][\/vc_column][\/vc_row][vc_row][vc_column width=&#8221;1\/2&#8243;][vc_column_text]El nostre depatx d&#8217;aquitectura pret\u00e9n donar una resposta global al fet constructiu de tal manera que es converteix en una empresa global de serveis.[\/vc_column_text][\/vc_column][vc_column width=&#8221;1\/2&#8243;][vc_column_text]Des d&#8217;aquest enfoc flexible, som capa\u00e7os de donar resposta a un ampli ventall de clients, des d&#8217;una petita reforma, fins una gran promoci\u00f3; controlem totes les fases del proc\u00e9s.[\/vc_column_text][\/vc_column][\/vc_row][vc_row][vc_column][vc_separator color=&#8221;white&#8221;][\/vc_column][\/vc_row][vc_row][vc_column][vc_toggle title=&#8221;Crist\u00f3bal Penalva Moreno&#8221; open=&#8221;true&#8221; el_id=&#8221;1501664294598-827426b5-dbae&#8221;]Arquitecte llicenciat a l&#8217;ETSAB (Escola Superior d&#8217;Arquitectura de Barcelona) des de 1998 ofereix els seus serveis en el seu estudi propi. Especialitzat en el projecte tant d&#8217;habitatge.<\/p>\n","protected":false},"author":1,"featured_media":0,"parent":0,"menu_order":0,"comment_status":"closed","ping_status":"closed","template":"template-page-fullwidth.php","meta":{"_acf_changed":false,"footnotes":""},"class_list":["post-597","page","type-page","status-publish","hentry"],"acf":[],"_links":{"self":[{"href":"https:\/\/cristobalpenalva.com\/ca\/wp-json\/wp\/v2\/pages\/597","targetHints":{"allow":["GET"]}}],"collection":[{"href":"https:\/\/cristobalpenalva.com\/ca\/wp-json\/wp\/v2\/pages"}],"about":[{"href":"https:\/\/cristobalpenalva.com\/ca\/wp-json\/wp\/v2\/types\/page"}],"author":[{"embeddable":true,"href":"https:\/\/cristobalpenalva.com\/ca\/wp-json\/wp\/v2\/users\/1"}],"replies":[{"embeddable":true,"href":"https:\/\/cristobalpenalva.com\/ca\/wp-json\/wp\/v2\/comments?post=597"}],"version-history":[{"count":11,"href":"https:\/\/cristobalpenalva.com\/ca\/wp-json\/wp\/v2\/pages\/597\/revisions"}],"predecessor-version":[{"id":1313,"href":"https:\/\/cristobalpenalva.com\/ca\/wp-json\/wp\/v2\/pages\/597\/revisions\/1313"}],"wp:attachment":[{"href":"https:\/\/cristobalpenalva.com\/ca\/wp-json\/wp\/v2\/media?parent=597"}],"curies":[{"name":"wp","href":"https:\/\/api.w.org\/{rel}","templated":true}]}}

PRESENTACIÓ

<p>[vc_row][vc_column][vc_separator color=&#8221;white&#8221;][/vc_column][/vc_row][vc_row full_width=&#8221;stretch_row_content&#8221; gap=&#8221;5&#8243; content_placement=&#8221;middle&#8221; parallax=&#8221;content-moving&#8221; parallax_image=&#8221;591&#8243; css=&#8221;.vc_custom_1501665295034{background-position: center;background-repeat: no-repeat !important;background-size: cover !important;}&#8221; el_class=&#8221;portadapantalla&#8221;][vc_column][/vc_column][/vc_row][vc_row][vc_column][vc_separator color=&#8221;white&#8221;][/vc_column][/vc_row][vc_row][vc_column width=&#8221;1/2&#8243;][vc_column_text]El nostre depatx d&#8217;aquitectura pretén donar una resposta global al fet constructiu de tal manera que es converteix en una empresa global de serveis.[/vc_column_text][/vc_column][vc_column width=&#8221;1/2&#8243;][vc_column_text]Des d&#8217;aquest enfoc flexible, som capaços de donar resposta a un ampli ventall de clients, des d&#8217;una petita reforma, fins una gran promoció; controlem totes les fases del procés.[/vc_column_text][/vc_column][/vc_row][vc_row][vc_column][vc_separator color=&#8221;white&#8221;][/vc_column][/vc_row][vc_row][vc_column][vc_toggle title=&#8221;Cristóbal Penalva Moreno&#8221; open=&#8221;true&#8221; el_id=&#8221;1501664294598-827426b5-dbae&#8221;]Arquitecte llicenciat a l&#8217;ETSAB (Escola Superior d&#8217;Arquitectura de Barcelona) des de 1998 ofereix els seus serveis en el seu estudi propi. Especialitzat en el projecte tant d&#8217;habitatge unifamiliar (nova o rehabilitació) com plurifamiliar, abastant tot el procés creatiu, des de les primeres idees, esbossos, càlculs estructurals i d&#8217;eficiència energètica fins a l&#8217;estudi final de detall.[/vc_toggle][/vc_column][/vc_row][vc_row][vc_column][vc_toggle title=&#8221;Pilar Pantaleón Matarredona&#8221; open=&#8221;true&#8221; el_id=&#8221;1501664406503-f3ef430e-a196&#8243;]Especialitzada en gestió i administració d&#8217;empreses així com en manteniment de sistemes de qualitat ISO 9001 i 14001. S&#8217;incorpora a l&#8217;estudi d&#8217;arquitectura l&#8217;any 2005 i s&#8217;especialitza en la intermediació entre les administracions i el client per facilitar el procés constructiu.[/vc_toggle][/vc_column][/vc_row][vc_row][vc_column][vc_toggle title=&#8221;Cristóbal Penalva Pantaleón&#8221; open=&#8221;true&#8221; el_id=&#8221;1501830389859-a87025a6-b703&#8243;]Graduat en el Grau d&#8217;Administració i Direcció d&#8217;Empreses per la UAB (Universitat Autònoma de Barcelona) el 2021. S&#8217;incorpora al despatx el 2017 per donar suport a la gestió i administració amb els clients i l&#8217;Administració Pública i comptabilitat interna. A més, s&#8217;encarrega de l&#8217;actualització de la nostra pàgina web, així com les diferents xarxes socials en què estem presents.[/vc_toggle][/vc_column][/vc_row][vc_row][vc_column][vc_toggle title=&#8221;Equip interdisciplinari&#8221; open=&#8221;true&#8221; el_id=&#8221;1501830389859-a87025a6-b703&#8243;]Hem elaborat un equip de col·laboradors, entre ells, enginyers, arquitectes tècnics, geòlegs, constructors, topògrafs, economistes i advocats, per donar resposta a tots els àmbits que sorgeixen en el procés constructiu i legal.[/vc_toggle][/vc_column][/vc_row][vc_row][vc_column][vc_separator color=&#8221;white&#8221;][/vc_column][/vc_row]</p>

<p>[vc_row][vc_column][vc_separator color=&#8221;white&#8221;][/vc_column][/vc_row][vc_row full_width=&#8221;stretch_row_content&#8221; gap=&#8221;5&#8243; content_placement=&#8221;middle&#8221; parallax=&#8221;content-moving&#8221; parallax_image=&#8221;591&#8243; css=&#8221;.vc_custom_1501665295034{background-position: center;background-repeat: no-repeat !important;background-size: cover !important;}&#8221; el_class=&#8221;portadapantalla&#8221;][vc_column][/vc_column][/vc_row][vc_row][vc_column][vc_separator color=&#8221;white&#8221;][/vc_column][/vc_row][vc_row][vc_column width=&#8221;1/2&#8243;][vc_column_text]El nostre depatx d&#8217;aquitectura pretén donar una resposta global al fet constructiu de tal manera que es converteix en una empresa global de serveis.[/vc_column_text][/vc_column][vc_column width=&#8221;1/2&#8243;][vc_column_text]Des d&#8217;aquest enfoc flexible, som capaços de donar resposta a un ampli ventall de clients, des d&#8217;una petita reforma, fins una gran promoció; controlem totes les fases del procés.[/vc_column_text][/vc_column][/vc_row][vc_row][vc_column][vc_separator color=&#8221;white&#8221;][/vc_column][/vc_row][vc_row][vc_column][vc_toggle title=&#8221;Cristóbal Penalva Moreno&#8221; open=&#8221;true&#8221; el_id=&#8221;1501664294598-827426b5-dbae&#8221;]Arquitecte llicenciat a l&#8217;ETSAB (Escola Superior d&#8217;Arquitectura de Barcelona) des de 1998 ofereix els seus serveis en el seu estudi propi. Especialitzat en el projecte tant d&#8217;habitatge.</p>
